{"id":39,"date":"2015-05-19T13:22:57","date_gmt":"2015-05-19T13:22:57","guid":{"rendered":"http:\/\/silviawillecke.de\/wordpress\/?page_id=39"},"modified":"2016-04-30T20:49:33","modified_gmt":"2016-04-30T20:49:33","slug":"presse","status":"publish","type":"page","link":"http:\/\/silviawillecke.de\/?page_id=39","title":{"rendered":"Presse"},"content":{"rendered":"\u201e...Noch mehr Kraft ben\u00f6tigt Gabriella (spielerisch eindringlich, gesanglich bezaubernd: Silvia Willecke), um der Eheh\u00f6lle mit dem gewaltt\u00e4tigen Conny zu entrinnen...\u201c (Neue Presse Coburg, 05.10.2015) zur Premiere von \u201eWie im Himmel\u201c am 02.10.2015\r\n\r\n\u201e...Silvia Willecke als von ihrem Mann geschlagene Gabriella mit kraftvoller Stimme in ihrem ber\u00fchmten Song... Ich will gl\u00fccklich leben. Trotzig, traurig und dann mutvoll fr\u00f6hlich eingefordert...\u201c (Coburger Tageblatt, 05.10.2015)\r\n\r\n&nbsp;\r\n\r\n<a href=\"http:\/\/silviawillecke.de\/wordpress\/wp-content\/uploads\/JS-Kino.jpg\"><img class=\"alignnone wp-image-42 size-full\" src=\"http:\/\/silviawillecke.de\/wordpress\/wp-content\/uploads\/JS-Kino.jpg\" alt=\"JS-Kino\" width=\"440\" height=\"873\" \/><\/a><a href=\"http:\/\/silviawillecke.de\/wordpress\/wp-content\/uploads\/JS-Echo.jpg\"><img class=\"alignnone wp-image-41 size-full\" src=\"http:\/\/silviawillecke.de\/wordpress\/wp-content\/uploads\/JS-Echo.jpg\" alt=\"JS-Echo\" width=\"311\" height=\"832\" \/><\/a>\r\n\r\n<a href=\"http:\/\/silviawillecke.de\/wordpress\/wp-content\/uploads\/Presse-1.jpg\"><img class=\"alignnone wp-image-43 size-full\" src=\"http:\/\/silviawillecke.de\/wordpress\/wp-content\/uploads\/Presse-1.jpg\" alt=\"Presse 1\" width=\"893\" height=\"496\" \/><\/a>\r\n\r\n&nbsp;\r\n<p class=\"paragraph_style\">\u201e...bei \u201eBlue Skies\u201c durfte man sich erstmals an diesem Abend an der charmanten und stimmlich tadellosen S\u00e4ngerin Silvia Willecke erfreuen...\u201c\r\n(Mainzer Allgemeine Zeitung 20.11.2013)<\/p>\r\n<p class=\"paragraph_style_1\">\u201e...F\u00fcr den dritten Konzertteil hatte sich das Quartett (Futura 2006) Silvia Willecke geholt. Die S\u00e4ngerin und Schauspielerin aus Wiesbaden begeisterte mit Solos bei \u201eDancing Queen\u201c und \u201eJe ne regrette rien\u201c. Das begeisterte Publikum jubelte, pfiff und applaudierte nach dem packenden Gesang. Die Begeisterung steigerte sich noch bei \u201eTwo Colors\u201c von Cindy Lauper zu Jauchzern, Jubel, Applaus und anerkennenden Pfiffen...\u201c\r\n(Echo online 21.05.2013)<\/p>\r\n<p class=\"paragraph_style_2\">\u201e...die anderen wurden von S\u00e4ngerin Silvia Willecke interpretiert. Ihre ausdrucksstarke Stimme und die unpr\u00e4tenti\u00f6s-m\u00fchelose Art zu singen \u00fcberzeugten voll und ganz....\u201c\r\nBoehringer Ingelheim Big Band (Mainzer Allgemeine Zeitung 13.11.2012)<\/p>\r\n<p class=\"paragraph_style_2\">\u201e...setzte die Band hier die S\u00e4ngerin Silvia Willecke in Szene, deren sch\u00f6ne Stimme im Programm auch bei Klassikern wie Cole Porters \u201eI've got you under my Skin\u201c, Duke Ellingtons \u201eI'm beginning to see the light\u201c und Otis Reddings \u201eRespect\u201c, einem Song dessen bekannteste Version wohl Aretha Franklin im legend\u00e4ren Blues Brothers-Film zum Besten gab \u2013\u00a0 besondere Akzente setzte.\r\nSie f\u00fchrte auch durch den Abend und sorgte mit dem \u00e4ltesten Song des Programm \u201eAll of me\u201c, einem Evergreen von Marks und Simons aus dem Jahr 1931, f\u00fcr einen weiteren H\u00f6hepunkt des Abends...\u201c\r\nBoehringer Ingelheim Big Band (Mainzer Allgemeine Zeitung, 10.11.2010)<\/p>\r\n<p class=\"paragraph_style_2\">\u201e...W\u00e4hrend Silvia Ullrich mit Thomas Schmalz ein orginalgetreues \u201eUnforgettable\u201c (Nat und Natalie Cole) abliefert, f\u00fcgt sie mit Nina Gerhard der Show einige soulige Facetten hinzu. Bei Hits wie \u201eAllright, okay\u201c oder \u201eChain of fools\u201c von Aretha Franklin bejubelten die Wixh\u00e4user das Duo frenetisch...\u201c\r\nSpecial Constellation Big Band (Echo Online, November 2008)<\/p>\r\n<p class=\"paragraph_style_2\">\u201e...Gewisserma\u00dfen als \u201eSahneh\u00e4ubchen\u201c rundete die professionelle Sopransolistin Silvia Ullrich aus Wiesbaden dabei den swingenden Sound der 25 S\u00e4ngerinnen und S\u00e4nger sowie der rund 15 Instrumentalisten ab. F\u00fcr ihre Gesangsparts auf durchweg hohem Niveau gab es den verdienten Sonderapplaus...\r\nSacred Concert (Echo Online, 15.02.2008)<\/p>\r\n<p class=\"paragraph_style_2\">\u201e\u2026So schmiegen sich ihre samtig weichen Laute an rollende harte Beats und verleihen der \u201eSpielwiese\u201c einen loungig-relaxten Sound\u2026\u201c\r\nDie Spielwiese (Stuz, April 2006)<\/p>\r\n<p class=\"paragraph_style_2\">\u201e...Eine tolle Frauenstimme (Silvia Ullrich) auf charakteristischem D'n'B-Sound, die tats\u00e4chlich sehr jazzy \u00fcber den Beats schwebt - mal chillig, mal richtig flott...\u201c\r\nDie Spielwiese (Journal Frankfurt, April 2005)<\/p>\r\n<p class=\"paragraph_style_2\">\u201e\u2026Inmitten der Herren verschafft sich die S\u00e4ngerin Silvia Ullrich Geh\u00f6r. Sie steuert dabei jazzige aber auch sph\u00e4rische Momente bei. Sie ist eindringlich wie wendig und dreht die rhythmusbetonten und in klanglich immer undurchdringlichere Gefilde vorw\u00e4rtsst\u00fcrmenden Abstecher zur\u00fcck zur Melodie. Ein spannendes Musikexperiment, das sich auf organische Weise noch die eine oder andere Jazz-Adaption einverleibt\u2026\u201c\r\nDie Spielwiese (Wiesbadener Tagblatt, 05.04.2005)<\/p>","protected":false},"excerpt":{"rendered":"<p>\u201e&#8230;Noch mehr Kraft ben\u00f6tigt Gabriella (spielerisch eindringlich, gesanglich bezaubernd: Silvia Willecke), um der Eheh\u00f6lle mit dem gewaltt\u00e4tigen Conny zu entrinnen&#8230;\u201c (Neue Presse Coburg, 05.10.2015) zur Premiere von \u201eWie im Himmel\u201c am 02.10.2015 \u201e&#8230;Silvia Willecke als von ihrem Mann geschlagene Gabriella mit kraftvoller Stimme in ihrem ber\u00fchmten Song&#8230; Ich will gl\u00fccklich leben. Trotzig, traurig und dann&#8230;<\/p>\n","protected":false},"author":1,"featured_media":103,"parent":0,"menu_order":0,"comment_status":"closed","ping_status":"open","template":"","meta":[],"_links":{"self":[{"href":"http:\/\/silviawillecke.de\/index.php?rest_route=\/wp\/v2\/pages\/39"}],"collection":[{"href":"http:\/\/silviawillecke.de\/index.php?rest_route=\/wp\/v2\/pages"}],"about":[{"href":"http:\/\/silviawillecke.de\/index.php?rest_route=\/wp\/v2\/types\/page"}],"author":[{"embeddable":true,"href":"http:\/\/silviawillecke.de\/index.php?rest_route=\/wp\/v2\/users\/1"}],"replies":[{"embeddable":true,"href":"http:\/\/silviawillecke.de\/index.php?rest_route=%2Fwp%2Fv2%2Fcomments&post=39"}],"version-history":[{"count":5,"href":"http:\/\/silviawillecke.de\/index.php?rest_route=\/wp\/v2\/pages\/39\/revisions"}],"predecessor-version":[{"id":67,"href":"http:\/\/silviawillecke.de\/index.php?rest_route=\/wp\/v2\/pages\/39\/revisions\/67"}],"wp:featuredmedia":[{"embeddable":true,"href":"http:\/\/silviawillecke.de\/index.php?rest_route=\/wp\/v2\/media\/103"}],"wp:attachment":[{"href":"http:\/\/silviawillecke.de\/index.php?rest_route=%2Fwp%2Fv2%2Fmedia&parent=39"}],"curies":[{"name":"wp","href":"https:\/\/api.w.org\/{rel}","templated":true}]}}